. Let u be q(-6). What is the greatest common factor of 75 and u?
15
Suppose 8 = -4*q - 20. Let m = q - -18. What is the highest common divisor of 22 and m?
11
Suppose 4*a = -m + 99, -m - 4*a = -2*a - 99. Suppose 0 = 4*b - 297 - m. What is the greatest common divisor of 9 and b?
9
Suppose l - 8 - 12 = 4*k, -5*l = -5*k - 85. Let o(t) = t**2 + 7*t + 2. Let y be o(-7). Calculate the greatest common factor of l and y.
2
Suppose -1 = 5*a - 2*f - 0, -f = 2. Let h(p) be the first derivative of -17*p**4/2 + p**2/2 + 6. Let i be h(a). What is the greatest common divisor of i and 11?
11
Suppose 2*d - 6*d = -4*k + 452, 5*k - 577 = d. Calculate the greatest common factor of 29 and k.
29
Let c = -5 - -7. Suppose 0 = -12*b + 61 - 1. Suppose c*u - w = 498, 5*u + b*w = -0*w + 1260. What is the greatest common factor of u and 25?
25
Let s = -7 - -11. Let o(n) = -n**3 + 6*n**2 - 4*n + 5. Let u be o(5). Calculate the greatest common divisor of s and u.
2
Let j(s) = -s**3 - 3*s**2 - 5*s + 4. Let t be j(-4). Suppose -33 = -8*d + 47. What is the highest common factor of d and t?
10
Let d = 114 + -74. Calculate the greatest common factor of 60 and d.
20
Let u = 29 + -49. Let i be ((-126)/(-5))/((-4)/u). Let f = 30 + -16. Calculate the highest common divisor of f and i.
14
Let o(j) = 3*j - 10. Let w be o(5). Let b(n) = 3*n**2 - 5*n - 4. Let f be b(w). What is the highest common divisor of f and 115?
23
Let i be ((-16)/(-6))/(5/90). Let a = 65 - 53. What is the highest common divisor of a and i?
12
Let d(o) = -o**3 + 18*o**2 + 3*o - 44. Let x be d(18). Calculate the highest common divisor of 10 and x.
10
Let g(u) = u + 14. Let h = -16 - -7. Let l be g(h). Calculate the greatest common factor of l and 45.
5
Suppose 37 + 19 = 2*k + 4*f, -3*f = k - 33. What is the greatest common factor of k and 54?
18
Suppose 3*u - 5*u - 6 = -3*x, -4*x - 2*u + 22 = 0. Let i be (-3)/(0 + (-2)/24). Calculate the greatest common factor of x and i.
4
Suppose -2*g + 4*m + 212 = 0, -2*m + 326 = 3*g - 0*m. Let b = -17 - -29. Calculate the greatest common factor of g and b.
12
Let d = 85 + -79. What is the highest common divisor of 66 and d?
6
Let d = -7 + 13. Let t be (-4)/3*(-9)/d. Suppose -4*x = 0, -t*i - 5*x = 2*i - 8. What is the greatest common divisor of i and 1?
1
Suppose -6 = 2*v - 4*v. Let t be 1/((-11)/(-5) - 2). Let d = t - 3. What is the highest common divisor of v and d?
1
Suppose -5*j + 5*w - 152 = -892, -3*j = 2*w - 424. What is the highest common factor of j and 18?
18
Let r = 11 + 43. Let q be ((-2)/(-4))/(18/324). Calculate the highest common factor of q and r.
9
Let u = 61 + -21. Suppose r = 2*r - u. Calculate the highest common divisor of r and 5.
5
Let s be 2*-1*-1*22. Calculate the highest common divisor of 110 and s.
22
Let v be (-3 - 2/2)*1. Let n be ((-4)/v)/((-1)/(-24)). Let l be 4/6 + 22/3. What is the greatest common factor of l and n?
8
Let t(r) = -r + 2. Let z be t(3). Let p be (2/z + -1)*-2. Calculate the greatest common factor of 42 and p.
6
Suppose 340 = 3*t - 8*t. Let o = 140 + t. Calculate the highest common factor of 9 and o.
9
Let u be (162/45)/((-1)/5). Let d be 6*1/((-4)/u). Calculate the highest common divisor of d and 3.
3
Let n = 39 + -30. Let g = 217 + -136. Calculate the highest common factor of n and g.
9
Let x(m) = 8*m - 16. Let p be x(8). What is the greatest common divisor of 12 and p?
12
Let v(n) = 10*n - 3. Let i be v(3). Suppose -4*c + 123 = i. What is the highest common divisor of c and 36?
12
Let z = 40 + -22. Let u = 14 + -12. Suppose u*f + 6 = 5*f. Calculate the greatest common divisor of z and f.
2
Let l = 12 - 11. Let k be ((0 - l) + 2)*23. Calculate the highest common factor of 253 and k.
23
Let n(o) = -o**3 - 5*o**2 + o - 3. Let w be n(-4). Let h = w + 40. Calculate the greatest common divisor of 34 and h.
17
Suppose 0 = -4*k + 5*b + 119, -4*k - 61 + 190 = -3*b. Calculate the greatest common divisor of k and 198.
18
Let x(w) = w**3 - 5*w**2 + 3*w + 5. Let h be x(4). Suppose c - h - 1 = 0. Let v be (-1)/((-1)/1*1). Calculate the greatest common factor of c and v.
1
Suppose 0 = 5*z - 5*k, -4 = -4*z + k + 5. What is the greatest common divisor of 21 and z?
3
Let n = 34 - 19. Let r = -2 - -2. Let k be -55*3*(-1 + r). Calculate the greatest common divisor of k and n.
15
Let h be -4 + 8*(5 - 1). Calculate the greatest common factor of h and 14.
14
Let w be -8*(-1 - (-63)/(-2)). Suppose -4*f = -0*p - 2*p - w, -3*f - 4*p = -206. What is the highest common factor of 6 and f?
6
Let w(p) be the third derivative of p**6/120 + 7*p**5/30 + 13*p**4/24 + 4*p**3/3 - 3*p**2. Let f be w(-13). What is the greatest common divisor of f and 40?
8
Suppose -3*l + 49 = 4*s, 5*s - 100 = 2*l + 2*l. Calculate the greatest common divisor of 16 and s.
16
Let q(u) = u**3 - 7*u**2 - u + 12. Let z be q(9). Calculate the highest common divisor of 15 and z.
15
Suppose -3*n - 26 = 3*l + 10, 0 = -4*l. Let h = -11 - n. Calculate the highest common divisor of h and 2.
1
Let i = 10 + -6. Calculate the greatest common divisor of 1 and i.
1
Let m(r) = r - 2. Let g be m(7). Suppose -2*l - 1030 = -5*q, 5*q - g*l - 1045 = -0*l. Let s = q - 83. What is the highest common divisor of s and 11?
11
Let c be (-16)/(-64) + 254/8. What is the greatest common factor of 32 and c?
32
Let j = 37 - -7. Suppose 2*d + 14 = -5*m + j, m + 2 = -2*d. Calculate the greatest common factor of 8 and m.
8
Let z(a) = a**3 + 4*a**2 - 7*a + 2. Let m be z(-5). Let w = -2 + m. What is the greatest common divisor of 90 and w?
10
Let k be -3 + -82*(-4)/8. Calculate the greatest common factor of 95 and k.
19
Let l(p) = -19*p**2 + 4. Let s be l(4). Let m = -204 - s. What is the highest common divisor of m and 12?
12
Let x be (4 - (3 + 0)) + 1. Let d be x/(-6)*33/(-1). Calculate the greatest common factor of 99 and d.
11
Let w = -9 - -38. Calculate the greatest common divisor of 261 and w.
29
Suppose 3*z + 37 = -2*p - 5, -3 = z - 3*p. Let u = 6 - z. Let y = -20 + 32. Calculate the highest common divisor of y and u.
6
Suppose -126 - 36 = -3*s. Calculate the greatest common divisor of s and 18.
18
Let x(z) = -z + 3. Let f be x(-6). Let d be (-2 + 10/4)*18. What is the highest common factor of d and f?
9
Let t be 383/2 - 2/(-4). Suppose -4 = 3*u - 4*u. Suppose 3*p + 2*p - u*n - t = 0, 2*p + 5*n - 57 = 0. What is the highest common factor of 9 and p?
9
Suppose -3*w + 4*z = -901, -2*w - 2*z + 3*z = -599. Calculate the highest common factor of 23 and w.
23
Let z be 44*(0 + (-3)/(-2)). Calculate the highest common factor of 22 and z.
22
Let i = -3 + 8. Let y(v) = -v**2 - 4*v + 1. Let u be y(-2). Suppose u*p - 69 = 31. What is the highest common factor of p and i?
5
Suppose -s - r + 3*r = -424, -12 = -3*r. Calculate the greatest common factor of 54 and s.
54
Let t(l) be the second derivative of l**3/6 + 11*l**2 - 4*l. Let z be (9/(-6))/(1/8). Let i be t(z). Calculate the greatest common factor of 110 and i.
10
Let u = 50 + -17. Let c(k) = 2*k**2 - 4*k - 5. Let w = 12 + -8. Let a be c(w). What is the highest common factor of a and u?
11
Suppose -7*d + 383 = 26. What is the highest common factor of d and 459?
51
Let a(i) = 2*i**2 + 2*i - 1. Let d be a(1). Suppose -4*y = -2*j - 50, -4*j + 44 = d*y + y. Let c = 85 + -82. Calculate the greatest common factor of c and y.
3
Let q be 1*(32/80 - 146/(-10)). Calculate the greatest common divisor of q and 30.
15
Let d(b) = b**2 + 5. Let n be d(-2). Calculate the highest common divisor of 9 and n.
9
Let d be (1 - -10)/(2/(-24)*-2). What is the greatest common factor of d and 6?
6
Let g(s) = -4*s**2 + 2*s - 6. Let b be g(-6). Let n = b + 256. Let j be n/4 + (-1)/(-2). What is the greatest common divisor of 60 and j?
12
Let n(f) = f**2 - 4*f + 6. Let x be n(5). Calculate the highest common divisor of x and 11.
11
Suppose 37*q = 33*q + 112. Suppose -4*w = a - 46, a + 3*w = 5*w + 40. Calculate the greatest common factor of a and q.
14
Let r = -3 - -3. Suppose -2*g + 976 = 5*u - r*u, 0 = -3*u + 4*g + 596. Let c be u/6*3/2. Calculate the greatest common divisor of 7 and c.
7
Let h be (234/104)/((1/(-4))/(-1)). Let q(c) = c + 2. Let n be q(7). Calculate the greatest common divisor of h and n.
9
Let r(n) = -n**2 + 9*n + 4. Let a be r(-6). Let t = -58 - a. Calculate the greatest common d